{"id":92,"date":"2020-07-23T21:48:25","date_gmt":"2020-07-23T21:48:25","guid":{"rendered":"https:\/\/aeroclubparana.org.ar\/web\/?page_id=92"},"modified":"2020-07-23T21:48:27","modified_gmt":"2020-07-23T21:48:27","slug":"escuela-de-vuelo","status":"publish","type":"page","link":"https:\/\/aeroclubparana.org.ar\/web\/index.php\/escuela-de-vuelo\/","title":{"rendered":"Escuela de vuelo"},"content":{"rendered":"\n<p>La licencia de Piloto Privado de Avi\u00f3n, como lo indica la\u00a0RAAC, Parte 61 \u201cLICENCIAS, CERTIFICADO DE COMPETENCIA Y HABILITACIONES PARA PILOTO\u201d\u00a0\u00a0 habilita al titular \u201c\u2026para actuar como Piloto al Mando de Aviones Monomotores Terrestres de hasta 5700kg\u201d.\u00a0<\/p>\n\n\n\n<div class=\"wp-block-image\"><figure class=\"alignright size-large is-resized\"><img loading=\"lazy\" decoding=\"async\" src=\"https:\/\/aeroclubparana.org.ar\/web\/wp-content\/uploads\/2020\/07\/escuela1.jpg\" alt=\"\" class=\"wp-image-93\" width=\"328\" height=\"246\" srcset=\"https:\/\/aeroclubparana.org.ar\/web\/wp-content\/uploads\/2020\/07\/escuela1.jpg 960w, https:\/\/aeroclubparana.org.ar\/web\/wp-content\/uploads\/2020\/07\/escuela1-300x225.jpg 300w, https:\/\/aeroclubparana.org.ar\/web\/wp-content\/uploads\/2020\/07\/escuela1-768x576.jpg 768w\" sizes=\"auto, (max-width: 328px) 100vw, 328px\" \/><\/figure><\/div>\n\n\n\n<p>Para la obtenci\u00f3n de dicha licencia se requiere:<\/p>\n\n\n\n<ul class=\"wp-block-list\"><li>Edad m\u00ednima de 16 a\u00f1os y 9 meses.<\/li><li>Estudios primarios aprobados.<\/li><li>Examen psicof\u00edsico apto y en vigencia.<\/li><li>Menores de 21 a\u00f1os, deber\u00e1n poseer una autorizaci\u00f3n de sus padres y\/o tutores, certificada ante un escribano o juez de paz.<\/li><li>Ser socio activo del aeroclub.<\/li><li>Aprobar la exigencias establecidas por la ANAC\u00a0: 40 horas\u00a0como M\u00ednimo de vuelo<\/li><li>Finalizar el curso entre un m\u00ednimo de 30 d\u00edas y un m\u00e1ximo de 2 a\u00f1os.<\/li><\/ul>\n\n\n\n<p>Si usted posee una licencia de Planeador, Helic\u00f3ptero o similar, consultar las condiciones.<\/p>\n\n\n\n<p>Los d\u00edas y horarios de cursado ser\u00e1n dispuestos a requerimiento y coordinaci\u00f3n entre el alumno y el\/los instructores.<br>&nbsp;<br>El&nbsp;Aeroclub Ciudad de Paran\u00e1 se encuentra habilitado para realizar los cursos de Piloto Comercial de Avi\u00f3n, Habilitaci\u00f3n de vuelo por Instrumentos e Instructor de Avi\u00f3n.<\/p>\n","protected":false},"excerpt":{"rendered":"<p>La licencia de Piloto Privado de Avi\u00f3n, como lo indica la\u00a0RAAC, Parte 61 \u201cLICENCIAS, CERTIFICADO DE COMPETENCIA Y HABILITACIONES PARA PILOTO\u201d\u00a0\u00a0 habilita al titular \u201c\u2026para actuar como Piloto al Mando de Aviones Monomotores Terrestres de hasta 5700kg\u201d.\u00a0 Para la obtenci\u00f3n de dicha licencia se requiere: Edad m\u00ednima de 16 a\u00f1os y 9 meses. Estudios primarios [&hellip;]<\/p>\n","protected":false},"author":1,"featured_media":0,"parent":0,"menu_order":0,"comment_status":"closed","ping_status":"closed","template":"","meta":{"_et_pb_use_builder":"off","_et_pb_old_content":"","_et_gb_content_width":"","footnotes":""},"class_list":["post-92","page","type-page","status-publish","hentry"],"yoast_head":"<!-- This site is optimized with the Yoast SEO plugin v22.8 - https:\/\/yoast.com\/wordpress\/plugins\/seo\/ -->\n<title>Escuela de vuelo - Aeroclub Ciudad de Paran\u00e1<\/title>\n<meta name=\"robots\" content=\"index, follow, max-snippet:-1, max-image-preview:large, max-video-preview:-1\" \/>\n<link rel=\"canonical\" href=\"https:\/\/aeroclubparana.org.ar\/web\/index.php\/escuela-de-vuelo\/\" \/>\n<meta property=\"og:locale\" content=\"es_ES\" \/>\n<meta property=\"og:type\" content=\"article\" \/>\n<meta property=\"og:title\" content=\"Escuela de vuelo - Aeroclub Ciudad de Paran\u00e1\" \/>\n<meta property=\"og:description\" content=\"La licencia de Piloto Privado de Avi\u00f3n, como lo indica la\u00a0RAAC, Parte 61 \u201cLICENCIAS, CERTIFICADO DE COMPETENCIA Y HABILITACIONES PARA PILOTO\u201d\u00a0\u00a0 habilita al titular \u201c\u2026para actuar como Piloto al Mando de Aviones Monomotores Terrestres de hasta 5700kg\u201d.\u00a0 Para la obtenci\u00f3n de dicha licencia se requiere: Edad m\u00ednima de 16 a\u00f1os y 9 meses. Estudios primarios [&hellip;]\" \/>\n<meta property=\"og:url\" content=\"https:\/\/aeroclubparana.org.ar\/web\/index.php\/escuela-de-vuelo\/\" \/>\n<meta property=\"og:site_name\" content=\"Aeroclub Ciudad de Paran\u00e1\" \/>\n<meta property=\"article:modified_time\" content=\"2020-07-23T21:48:27+00:00\" \/>\n<meta property=\"og:image\" content=\"https:\/\/aeroclubparana.org.ar\/web\/wp-content\/uploads\/2020\/07\/escuela1.jpg\" \/>\n<meta name=\"twitter:card\" content=\"summary_large_image\" \/>\n<meta name=\"twitter:label1\" content=\"Tiempo de lectura\" \/>\n\t<meta name=\"twitter:data1\" content=\"1 minuto\" \/>\n<script type=\"application\/ld+json\" class=\"yoast-schema-graph\">{\"@context\":\"https:\/\/schema.org\",\"@graph\":[{\"@type\":\"WebPage\",\"@id\":\"https:\/\/aeroclubparana.org.ar\/web\/index.php\/escuela-de-vuelo\/\",\"url\":\"https:\/\/aeroclubparana.org.ar\/web\/index.php\/escuela-de-vuelo\/\",\"name\":\"Escuela de vuelo - Aeroclub Ciudad de Paran\u00e1\",\"isPartOf\":{\"@id\":\"https:\/\/aeroclubparana.org.ar\/web\/#website\"},\"primaryImageOfPage\":{\"@id\":\"https:\/\/aeroclubparana.org.ar\/web\/index.php\/escuela-de-vuelo\/#primaryimage\"},\"image\":{\"@id\":\"https:\/\/aeroclubparana.org.ar\/web\/index.php\/escuela-de-vuelo\/#primaryimage\"},\"thumbnailUrl\":\"https:\/\/aeroclubparana.org.ar\/web\/wp-content\/uploads\/2020\/07\/escuela1.jpg\",\"datePublished\":\"2020-07-23T21:48:25+00:00\",\"dateModified\":\"2020-07-23T21:48:27+00:00\",\"breadcrumb\":{\"@id\":\"https:\/\/aeroclubparana.org.ar\/web\/index.php\/escuela-de-vuelo\/#breadcrumb\"},\"inLanguage\":\"es\",\"potentialAction\":[{\"@type\":\"ReadAction\",\"target\":[\"https:\/\/aeroclubparana.org.ar\/web\/index.php\/escuela-de-vuelo\/\"]}]},{\"@type\":\"ImageObject\",\"inLanguage\":\"es\",\"@id\":\"https:\/\/aeroclubparana.org.ar\/web\/index.php\/escuela-de-vuelo\/#primaryimage\",\"url\":\"https:\/\/aeroclubparana.org.ar\/web\/wp-content\/uploads\/2020\/07\/escuela1.jpg\",\"contentUrl\":\"https:\/\/aeroclubparana.org.ar\/web\/wp-content\/uploads\/2020\/07\/escuela1.jpg\",\"width\":960,\"height\":720},{\"@type\":\"BreadcrumbList\",\"@id\":\"https:\/\/aeroclubparana.org.ar\/web\/index.php\/escuela-de-vuelo\/#breadcrumb\",\"itemListElement\":[{\"@type\":\"ListItem\",\"position\":1,\"name\":\"Home\",\"item\":\"https:\/\/aeroclubparana.org.ar\/web\/\"},{\"@type\":\"ListItem\",\"position\":2,\"name\":\"Escuela de vuelo\"}]},{\"@type\":\"WebSite\",\"@id\":\"https:\/\/aeroclubparana.org.ar\/web\/#website\",\"url\":\"https:\/\/aeroclubparana.org.ar\/web\/\",\"name\":\"Aeroclub Ciudad de Paran\u00e1\",\"description\":\"\",\"potentialAction\":[{\"@type\":\"SearchAction\",\"target\":{\"@type\":\"EntryPoint\",\"urlTemplate\":\"https:\/\/aeroclubparana.org.ar\/web\/?s={search_term_string}\"},\"query-input\":\"required name=search_term_string\"}],\"inLanguage\":\"es\"}]}<\/script>\n<!-- \/ Yoast SEO plugin. -->","yoast_head_json":{"title":"Escuela de vuelo - Aeroclub Ciudad de Paran\u00e1","robots":{"index":"index","follow":"follow","max-snippet":"max-snippet:-1","max-image-preview":"max-image-preview:large","max-video-preview":"max-video-preview:-1"},"canonical":"https:\/\/aeroclubparana.org.ar\/web\/index.php\/escuela-de-vuelo\/","og_locale":"es_ES","og_type":"article","og_title":"Escuela de vuelo - Aeroclub Ciudad de Paran\u00e1","og_description":"La licencia de Piloto Privado de Avi\u00f3n, como lo indica la\u00a0RAAC, Parte 61 \u201cLICENCIAS, CERTIFICADO DE COMPETENCIA Y HABILITACIONES PARA PILOTO\u201d\u00a0\u00a0 habilita al titular \u201c\u2026para actuar como Piloto al Mando de Aviones Monomotores Terrestres de hasta 5700kg\u201d.\u00a0 Para la obtenci\u00f3n de dicha licencia se requiere: Edad m\u00ednima de 16 a\u00f1os y 9 meses. Estudios primarios [&hellip;]","og_url":"https:\/\/aeroclubparana.org.ar\/web\/index.php\/escuela-de-vuelo\/","og_site_name":"Aeroclub Ciudad de Paran\u00e1","article_modified_time":"2020-07-23T21:48:27+00:00","og_image":[{"url":"https:\/\/aeroclubparana.org.ar\/web\/wp-content\/uploads\/2020\/07\/escuela1.jpg"}],"twitter_card":"summary_large_image","twitter_misc":{"Tiempo de lectura":"1 minuto"},"schema":{"@context":"https:\/\/schema.org","@graph":[{"@type":"WebPage","@id":"https:\/\/aeroclubparana.org.ar\/web\/index.php\/escuela-de-vuelo\/","url":"https:\/\/aeroclubparana.org.ar\/web\/index.php\/escuela-de-vuelo\/","name":"Escuela de vuelo - Aeroclub Ciudad de Paran\u00e1","isPartOf":{"@id":"https:\/\/aeroclubparana.org.ar\/web\/#website"},"primaryImageOfPage":{"@id":"https:\/\/aeroclubparana.org.ar\/web\/index.php\/escuela-de-vuelo\/#primaryimage"},"image":{"@id":"https:\/\/aeroclubparana.org.ar\/web\/index.php\/escuela-de-vuelo\/#primaryimage"},"thumbnailUrl":"https:\/\/aeroclubparana.org.ar\/web\/wp-content\/uploads\/2020\/07\/escuela1.jpg","datePublished":"2020-07-23T21:48:25+00:00","dateModified":"2020-07-23T21:48:27+00:00","breadcrumb":{"@id":"https:\/\/aeroclubparana.org.ar\/web\/index.php\/escuela-de-vuelo\/#breadcrumb"},"inLanguage":"es","potentialAction":[{"@type":"ReadAction","target":["https:\/\/aeroclubparana.org.ar\/web\/index.php\/escuela-de-vuelo\/"]}]},{"@type":"ImageObject","inLanguage":"es","@id":"https:\/\/aeroclubparana.org.ar\/web\/index.php\/escuela-de-vuelo\/#primaryimage","url":"https:\/\/aeroclubparana.org.ar\/web\/wp-content\/uploads\/2020\/07\/escuela1.jpg","contentUrl":"https:\/\/aeroclubparana.org.ar\/web\/wp-content\/uploads\/2020\/07\/escuela1.jpg","width":960,"height":720},{"@type":"BreadcrumbList","@id":"https:\/\/aeroclubparana.org.ar\/web\/index.php\/escuela-de-vuelo\/#breadcrumb","itemListElement":[{"@type":"ListItem","position":1,"name":"Home","item":"https:\/\/aeroclubparana.org.ar\/web\/"},{"@type":"ListItem","position":2,"name":"Escuela de vuelo"}]},{"@type":"WebSite","@id":"https:\/\/aeroclubparana.org.ar\/web\/#website","url":"https:\/\/aeroclubparana.org.ar\/web\/","name":"Aeroclub Ciudad de Paran\u00e1","description":"","potentialAction":[{"@type":"SearchAction","target":{"@type":"EntryPoint","urlTemplate":"https:\/\/aeroclubparana.org.ar\/web\/?s={search_term_string}"},"query-input":"required name=search_term_string"}],"inLanguage":"es"}]}},"_links":{"self":[{"href":"https:\/\/aeroclubparana.org.ar\/web\/index.php\/wp-json\/wp\/v2\/pages\/92","targetHints":{"allow":["GET"]}}],"collection":[{"href":"https:\/\/aeroclubparana.org.ar\/web\/index.php\/wp-json\/wp\/v2\/pages"}],"about":[{"href":"https:\/\/aeroclubparana.org.ar\/web\/index.php\/wp-json\/wp\/v2\/types\/page"}],"author":[{"embeddable":true,"href":"https:\/\/aeroclubparana.org.ar\/web\/index.php\/wp-json\/wp\/v2\/users\/1"}],"replies":[{"embeddable":true,"href":"https:\/\/aeroclubparana.org.ar\/web\/index.php\/wp-json\/wp\/v2\/comments?post=92"}],"version-history":[{"count":1,"href":"https:\/\/aeroclubparana.org.ar\/web\/index.php\/wp-json\/wp\/v2\/pages\/92\/revisions"}],"predecessor-version":[{"id":94,"href":"https:\/\/aeroclubparana.org.ar\/web\/index.php\/wp-json\/wp\/v2\/pages\/92\/revisions\/94"}],"wp:attachment":[{"href":"https:\/\/aeroclubparana.org.ar\/web\/index.php\/wp-json\/wp\/v2\/media?parent=92"}],"curies":[{"name":"wp","href":"https:\/\/api.w.org\/{rel}","templated":true}]}}